culate the highest common divisor of z and 176.
22
Suppose 4*r - 1258 = -2*k, 2*r + 4 = 3*r. Suppose 211*j - 8100 = 111*j. Calculate the highest common divisor of j and k.
27
Suppose -128456 = -221*h - 36520. What is the greatest common divisor of 2548 and h?
52
Suppose 0 = 2*n - 13 + 9. Let o be (-3 + 4/8)*n. Let l be (-2)/6*-106 + o/15. What is the greatest common factor of 7 and l?
7
Suppose 0 = -2*s - 185*p + 184*p + 6385, 4*s = 3*p + 12805. What is the greatest common divisor of s and 306?
34
Suppose -69*m + 124*m - 990 = 0. Let z = 9 + -4. Let t = z - -19. What is the highest common divisor of m and t?
6
Let n be (1368/84 - 16)/(6/4956). Calculate the highest common factor of 84 and n.
4
Let o = 85 + -40. Let n = o + -37. Let g(z) = 2*z**2 - 9*z + 2. Let s be g(6). Calculate the greatest common factor of n and s.
4
Suppose -4*c + 119*h + 25 = 120*h, -c - 4*h = -10. What is the greatest common divisor of c and 363?
3
Suppose 3*h + 28 = -2*h + k, -4*k + 7 = h. Let u be (-3 - 9/6)*-6 - h. What is the highest common divisor of 208 and u?
16
Let j = -166 + 203. Suppose -j*b = -32*b - 35. Calculate the highest common factor of b and 7.
7
Let t(b) = 3*b**2 - 6*b + 10. Let z be t(-6). Suppose -5*i = 11*q - 7*q - 114, -4*i = q - 89. Calculate the greatest common factor of z and i.
22
Let b = -1512 + 1607. What is the highest common divisor of b and 1045?
95
Let r be 41/9 + (-20)/(-45). Suppose -r*v + 886 = -714. What is the highest common divisor of v and 10?
10
Let n be ((-14)/(-6))/(92/(-24) + 4). Suppose 0 = -3*g + 163 + 53. Let d = 114 - g. What is the highest common factor of d and n?
14
Suppose 2 + 8 = 2*y. Suppose y*h - 840 = -210. Suppose -30*t = -24*t - h. Calculate the greatest common divisor of 126 and t.
21
Let g(o) be the first derivative of 3*o**2/2 - 24*o + 27. Let k be g(8). Suppose -5*t + 16 + 64 = k. Calculate the greatest common divisor of 16 and t.
16
Let q(a) = -13*a - 11. Let k be q(-7). Suppose 181 = 3*y - f, 0 = 58*f - 59*f - 1. Calculate the greatest common divisor of k and y.
20
Let t = -386 + 380. Let q be 11 + t/(-8) + 45/20. Calculate the highest common divisor of 42 and q.
14
Suppose 28*g - 1330 = 35*g. Let x = g + 323. Calculate the greatest common divisor of x and 7.
7
Suppose -89*l = -b - 90*l + 18, l = -2*b + 27. Calculate the highest common divisor of b and 2403.
9
Let l(r) = 27*r - 189. Suppose 2*k = -392 + 436. Let m be l(k). Calculate the highest common divisor of m and 15.
15
Let s(x) = 3*x**2 + 158*x + 1380. Let u be s(-10). What is the highest common divisor of 10850 and u?
50
Let c be -26*(-6)/(-12) - -1637. Calculate the greatest common factor of 168 and c.
56
Let t = -26 - -28. Suppose -2*r + 12 - t = 0. Suppose 48 = 2*o - r*u, 3*o - 8*o + 3*u = -82. What is the greatest common factor of o and 14?
14
Let h(c) = c**2 - 2*c - 11. Let l(o) = o**3 + 5*o**2 - 8*o + 9. Let z be l(4). Let r = 115 - z. Let m be h(r). Calculate the highest common divisor of m and 37.
37
Suppose -4*n - 5*r + 81796 = 0, -29435 = -5*n - 2*r + 72844. Calculate the highest common divisor of n and 123.
41
Let d = 1195 + -1021. What is the highest common factor of 3422 and d?
58
Let w be 34425/297 + -2 + 46/22. Let v(c) = -c**3 - 6*c**2 + 5*c - 9. Let t be v(-7). Suppose t*b = -w + 156. Calculate the highest common factor of b and 8.
8
Let q be 13040/96 + 35/(-42). Calculate the highest common factor of q and 1515.
15
Suppose -35*y = -22591 - 190489. Let o be y/76 + 1 + (-21)/19. Calculate the greatest common divisor of 440 and o.
40
Let z be (75/(-10) - -6)*174. Let y = z - -275. What is the highest common factor of 133 and y?
7
Suppose -4*r + 1811 + 529 = 5*q, -r + 5 = 0. Let w = 22 - 6. Calculate the greatest common divisor of q and w.
16
Suppose 2*c - y = 49, -5*c + 7*y - 3*y + 127 = 0. Let p be (2059/284)/((-1)/(-92)). Calculate the highest common factor of p and c.
23
Suppose -44*f + 3776 = -36*f. Suppose -941 = 3*m - 1472. Calculate the greatest common divisor of m and f.
59
Suppose 0 = -15*z + 225 + 150. Let k be ((-3)/9)/(z/(-450)). What is the highest common factor of k and 186?
6
Let z(h) = 32*h + 5 + 10 - 10 + 26. Let i be z(9). What is the greatest common factor of i and 87?
29
Let p = -5474 - -5522. What is the highest common divisor of 1452 and p?
12
Let g(k) = k**3 - 15*k**2 - 31*k - 38. Suppose -4*p = -2*z - 76, -3 = -2*z - 11. Let d be g(p). Calculate the highest common divisor of d and 143.
13
Suppose 0 = 4*n + 4, -5*h + 3912 = -5*n + 8*n. What is the highest common factor of 405 and h?
27
Suppose -2*y + 1187 - 147 = -2*d, 3*y = 8*d + 1520. What is the highest common factor of 1287 and y?
33
Let l be -28*(-24)/(-14)*4/(-8). Let u = l - -42. Let n = 376 + -266. Calculate the greatest common divisor of u and n.
22
Suppose 189266 - 15440 = 74*l. What is the greatest common divisor of l and 135?
27
Suppose 648*d - 658*d + 6620 = 0. Suppose -n - 3*j + 139 = 0, 6*j + d = 5*n + 10*j. Calculate the greatest common divisor of 80 and n.
10
Suppose y + 5 - 14 = 0. Let f = -15 + y. Let g(k) = -k**3 - 4*k**2 + 8*k + 5. Let d be g(f). Calculate the highest common divisor of 319 and d.
29
Let k be 4 - (1121/57)/((-1)/3). Calculate the highest common divisor of 24507 and k.
63
Let j(h) = -4*h**3 + 26*h**2 + 57*h - 3. Let s be j(-2). Calculate the highest common divisor of 2033 and s.
19
Let s(t) = 12*t**2 + 7*t - 5. Let l be s(2). Let k(f) = -f**2 + 5*f - 19. Let x be k(8). Let v = l + x. What is the greatest common factor of 14 and v?
14
Let r(m) = 4*m**2 + 70*m + 40. Suppose -2*b = -4*s - 70, -s - 23 = 9*b - 4*b. Let n be r(s). Calculate the greatest common factor of 4 and n.
4
Suppose -4 + 2 = -2*h, -2*t + 62 = -2*h. Let j = t + -74. Let b be ((-1)/2 + 1)/(j/(-840)). Calculate the highest common divisor of b and 90.
10
Let c be (-5)/(-10)*-8 + (889 - 49). Calculate the highest common factor of 380 and c.
76
Suppose -11616 = -4*j - 4*o, 4*j + 288 = -9*o + 11929. Calculate the greatest common factor of 39 and j.
13
Let q = 21328 + -10270. Calculate the highest common divisor of q and 114.
114
Let o be (17 - 21)*(-1 - 6). Suppose -o*u + 27 = -19*u. What is the highest common divisor of 21 and u?
3
Let j be (-1120)/(-48)*(2 - -1). Let m be (30/(-35))/((-2)/j). What is the greatest common divisor of m and 20?
10
Let d be 1*((-53702)/(-4) + (-49)/(-14)). Calculate the highest common divisor of 26 and d.
13
Suppose 2*q = -4*k + 200, -8*k + 18 = 5*q - 490. Calculate the highest common divisor of 5148 and q.
36
Suppose -3*a + 282 + 81 = 0. Suppose z = 971 - a. Calculate the greatest common factor of 50 and z.
50
Let t = 74 + -69. Suppose -d + t = 0, -2*c = 3*d - 87 - 136. Suppose i + 8 = 21. Calculate the highest common factor of i and c.
13
Suppose 2*t + 4*j = 1 + 7, 0 = -3*t + 3*j + 57. Let a(b) = -1211*b + 9842. Let i be a(8). What is the highest common divisor of i and t?
14
Let h = 15695 - 13910. Calculate the greatest common divisor of 2040 and h.
255
Let c(l) = 10*l**2 - 128*l + 391. Let y be c(3). Calculate the greatest common divisor of 30361 and y.
97
Let n(o) = 3*o**3 - 5*o + 572. Let j be n(0). What is the greatest common factor of 11 and j?
11
Suppose 0*x - 85 = -5*x. Let j(c) = -91*c - 4068. Let k be j(-49). What is the greatest common divisor of x and k?
17
Let b = -3319 - -3676. Calculate the greatest common factor of 2703 and b.
51
Suppose -9*v + l + 85 = -8*v, -5*v + 475 = 5*l. Let n be ((-3 - (-252)/20) + 0)*v. What is the greatest common factor of 27 and n?
27
Let p be (-126)/18 + 6 + 1. Suppose -3*r + 178 - 148 = p. Calculate the highest common factor of r and 16.
2
Let k be (-12)/(-3) + 21 + (3 - -68). Calculate the highest common factor of 48 and k.
48
Let m be (-24)/(-4) + (-1 - 2). Suppose m*y = -2*g + 73, -4*y = -3*y + 1. What is the greatest common divisor of 114 and g?
38
Let z = -409 + 237. Let u = z - -337. What is the highest common divisor of u and 66?
33
Let t be 6/(-4) + (-1173)/(-46). Let w = 695 + -693. What is the highest common divisor of t and w?
2
Suppose 104336 = 7*o + 4*w, -3*o - 15274 + 59996 = 5*w. What is the highest common factor of 432 and o?
216
Suppose -200 = y - 320. Calculate the highest common divisor of 1960 and y.
40
Let g(y) = 0*y - 4*y - 4 + 1 + 56*y**2 + 23*y**2. Let i be g(-1)